{"id":2019,"date":"2020-02-23T14:58:06","date_gmt":"2020-02-23T14:58:06","guid":{"rendered":"https:\/\/fine-europe.eu\/?page_id=2019"},"modified":"2020-02-23T14:58:08","modified_gmt":"2020-02-23T14:58:08","slug":"michele-appelshaeuser-tresoriere","status":"publish","type":"page","link":"https:\/\/www.fine-europe.eu\/?page_id=2019","title":{"rendered":"Mich\u00e8le Appelshaeuser, Tr\u00e9sori\u00e8re"},"content":{"rendered":"<p>[et_pb_section fb_built=&#8221;1&#8243; _builder_version=&#8221;4.3.2&#8243;][et_pb_row _builder_version=&#8221;4.3.2&#8243; column_structure=&#8221;2_5,3_5&#8243; hover_enabled=&#8221;0&#8243;][et_pb_column _builder_version=&#8221;4.3.2&#8243; type=&#8221;2_5&#8243;][et_pb_image src=&#8221;https:\/\/www.fine-europe.eu\/wp-content\/uploads\/2019\/11\/Miche\u0300le-Appelshaeuser_Photo-230&#215;260.jpg&#8221; _builder_version=&#8221;4.3.2&#8243; hover_enabled=&#8221;0&#8243; module_alignment=&#8221;center&#8221; align=&#8221;center&#8221;][\/et_pb_image][et_pb_text _builder_version=&#8221;4.3.2&#8243; hover_enabled=&#8221;0&#8243;]<\/p>\n<p style=\"text-align: center;\"><strong>MICHELE APPELSHAEUSER<\/strong><\/p>\n<p style=\"text-align: center;\"><strong>TRESORIERE<\/strong><\/p>\n<p>[\/et_pb_text][et_pb_image src=&#8221;https:\/\/www.fine-europe.eu\/wp-content\/uploads\/2020\/02\/1280px-Flag_of_France.svg_.png&#8221; _builder_version=&#8221;4.3.2&#8243; align=&#8221;center&#8221; module_alignment=&#8221;center&#8221; width=&#8221;30%&#8221; height=&#8221;80px&#8221; hover_enabled=&#8221;0&#8243;][\/et_pb_image][\/et_pb_column][et_pb_column _builder_version=&#8221;4.3.2&#8243; type=&#8221;3_5&#8243;][et_pb_text _builder_version=&#8221;4.3.2&#8243; hover_enabled=&#8221;0&#8243;]<\/p>\n<p>Mich\u00e8le Appelshaeuser a commenc\u00e9 sa carri\u00e8re comme infirmi\u00e8re psychiatrique. Dans un deuxi\u00e8me temps, elle s\u2019est concentr\u00e9e sur un dipl\u00f4me de cadre de sant\u00e9. Elle occupe toujours ce poste en tant que cadre de sant\u00e9 formatrice. Ensuite, elle a obtenu un Master en \u00c9ducation Th\u00e9rapeutique du Patient (Paris 6, Universit\u00e9 Pierre et Marie Curie). Depuis, elle s\u2019est occup\u00e9e de la coordination de programmes d\u2019\u00e9ducation th\u00e9rapeutique au sein de son \u00e9tablissement de sant\u00e9, car elle d\u00e9fend l\u2019id\u00e9e du patient comme partenaire de soins.<\/p>\n<p>De plus, elle est expert-visiteur depuis 2009 \u00e0 la Haute Autorit\u00e9 de Sant\u00e9. Cette exp\u00e9rience lui a procur\u00e9 un r\u00e9el enrichissement personnel et professionnel et provoque, entre autre, un questionnement professionnel permanent et une immersion continue sur le terrain.<\/p>\n<p>Suite \u00e0 son exp\u00e9rience de cadre au p\u00f4le de psychiatrie, elle s\u2019est int\u00e9ress\u00e9e au poste de directrice de soins. Depuis qu\u2019elle a obtenu ce dipl\u00f4me, elle est Directrice de Soins en institut de formation.<\/p>\n<p>Depuis plusieurs ann\u00e9es, elle s\u2019investit dans le tissu associatif et a pu exercer plusieurs fonctions au sein de structures diverses, telles que la position de secr\u00e9taire et de pr\u00e9sidente de l\u2019Association Ariane. Cette association g\u00e8re la location d\u2019appartements communautaires pour des patients psychiatriques.<\/p>\n<p>Depuis mai 2018, elle est la secr\u00e9taire de Rebond du C\u0153ur, une nouvelle association dont la mission est de promouvoir l\u2019int\u00e9gration professionnelle de jeunes adultes issus d\u2019enfances d\u00e9favoris\u00e9es.<\/p>\n<p>[\/et_pb_text][\/et_pb_column][\/et_pb_row][\/et_pb_section]<\/p>\n","protected":false},"excerpt":{"rendered":"<p>MICHELE APPELSHAEUSER TRESORIERE Mich\u00e8le Appelshaeuser a commenc\u00e9 sa carri\u00e8re comme infirmi\u00e8re psychiatrique. Dans un deuxi\u00e8me temps, elle s\u2019est concentr\u00e9e sur un dipl\u00f4me de cadre de sant\u00e9. Elle occupe toujours ce poste en tant que cadre de sant\u00e9 formatrice. Ensuite, elle a obtenu un Master en \u00c9ducation Th\u00e9rapeutique du Patient (Paris 6, Universit\u00e9 Pierre et Marie [&hellip;]<\/p>\n","protected":false},"author":2,"featured_media":0,"parent":0,"menu_order":0,"comment_status":"closed","ping_status":"closed","template":"","meta":{"_et_pb_use_builder":"on","_et_pb_old_content":"","_et_gb_content_width":"","footnotes":""},"class_list":["post-2019","page","type-page","status-publish","hentry"],"_links":{"self":[{"href":"https:\/\/www.fine-europe.eu\/index.php?rest_route=\/wp\/v2\/pages\/2019","targetHints":{"allow":["GET"]}}],"collection":[{"href":"https:\/\/www.fine-europe.eu\/index.php?rest_route=\/wp\/v2\/pages"}],"about":[{"href":"https:\/\/www.fine-europe.eu\/index.php?rest_route=\/wp\/v2\/types\/page"}],"author":[{"embeddable":true,"href":"https:\/\/www.fine-europe.eu\/index.php?rest_route=\/wp\/v2\/users\/2"}],"replies":[{"embeddable":true,"href":"https:\/\/www.fine-europe.eu\/index.php?rest_route=%2Fwp%2Fv2%2Fcomments&post=2019"}],"version-history":[{"count":2,"href":"https:\/\/www.fine-europe.eu\/index.php?rest_route=\/wp\/v2\/pages\/2019\/revisions"}],"predecessor-version":[{"id":2023,"href":"https:\/\/www.fine-europe.eu\/index.php?rest_route=\/wp\/v2\/pages\/2019\/revisions\/2023"}],"wp:attachment":[{"href":"https:\/\/www.fine-europe.eu\/index.php?rest_route=%2Fwp%2Fv2%2Fmedia&parent=2019"}],"curies":[{"name":"wp","href":"https:\/\/api.w.org\/{rel}","templated":true}]}}