{"id":212,"date":"2019-11-02T19:06:30","date_gmt":"2019-11-02T19:06:30","guid":{"rendered":"http:\/\/fine-europe.eu\/?page_id=212"},"modified":"2020-01-28T20:41:11","modified_gmt":"2020-01-28T20:41:11","slug":"histoire","status":"publish","type":"page","link":"https:\/\/www.fine-europe.eu\/?page_id=212","title":{"rendered":"Histoire"},"content":{"rendered":"\n[et_pb_section fb_built=&#8221;1&#8243; _builder_version=&#8221;4.0.4&#8243;][et_pb_row column_structure=&#8221;1_4,1_2,1_4&#8243; _builder_version=&#8221;4.0.4&#8243;][et_pb_column type=&#8221;1_4&#8243; _builder_version=&#8221;4.0.4&#8243;][et_pb_image src=&#8221;http:\/\/fine-europe.eu\/wp-content\/uploads\/2019\/11\/logo_FINE.jpg&#8221; _builder_version=&#8221;4.2.2&#8243;][\/et_pb_image][\/et_pb_column][et_pb_column type=&#8221;1_2&#8243; _builder_version=&#8221;4.0.4&#8243;][et_pb_text _builder_version=&#8221;4.2.2&#8243;]<h3>FINE, d&#8217;hier \u00e0 aujourd&#8217;hui\u00a0<\/h3>\n<p>Au d\u00e9but des ann\u00e9es 1990, le Comit\u00e9 consultatif pour la formation des infirmi\u00e8res \u00e9tait le seul groupe d&#8217;experts consult\u00e9 par l&#8217;Union europ\u00e9enne en mati\u00e8re de formation des infirmi\u00e8res. Les infirmiers enseignants ont alors exprim\u00e9 le besoin urgent de pouvoir disposer d\u2019une organisation europ\u00e9enne d\u00e9di\u00e9e \u00e0 la promotion des \u00e9changes sur l&#8217;enseignement des soins infirmiers.<\/p>\n<p>Apr\u00e8s plusieurs ann\u00e9es de discussion, la F\u00e9d\u00e9ration europ\u00e9enne des infirmiers enseignants (FINE) a \u00e9t\u00e9 officiellement cr\u00e9\u00e9e en 1995 par un groupe enthousiaste d\u2019infirmiers issus de plusieurs pays dans le but de r\u00e9pondre \u00e0 ces besoins lors d&#8217;une conf\u00e9rence inaugurale organis\u00e9e \u00e0 Louvain.<\/p>\n<p>Au d\u00e9part, les pays concern\u00e9s \u00e9taient les Pays-Bas, la Grande-Bretagne et la partie n\u00e9erlandophone de la Belgique. Rapidement, de nombreux pays ont rejoint l&#8217;association refl\u00e9tant la diversit\u00e9 des nations qui composent la r\u00e9gion europ\u00e9enne.<\/p>\n<p>Depuis, Fine constitue un forum permanent o\u00f9 les enseignants en soins infirmiers exer\u00e7ant dans des \u00e9tablissements d&#8217;enseignement sup\u00e9rieur en Europe peuvent partager informations, exp\u00e9riences, bonnes pratiques et innovations.<\/p>\n<p>Par l&#8217;interm\u00e9diaire de ses membres, FINE recueille de nombreuses donn\u00e9es permettant d\u2019acqu\u00e9rir une meilleure compr\u00e9hension de la formation en soins infirmiers dans la r\u00e9gion europ\u00e9enne, mais aussi d&#8217;identifier les similitudes et les diff\u00e9rences observables dans la vari\u00e9t\u00e9 des programmes de formation en soins infirmiers offerts par les \u00e9tablissements d&#8217;enseignement infirmiers pr\u00e9sents en Europe.<\/p>\n<p>Fine Europe donne l&#8217;opportunit\u00e9 aux experts de cr\u00e9er leur r\u00e9seau professionnel et de l&#8217;\u00e9largir leur permettant ainsi d&#8217;approfondir certaines questions sp\u00e9cifiques au domaine de la formation des infirmi\u00e8res. Il encourage \u00e9galement des \u00e9changes constructifs entre les \u00e9tudiants et les enseignants infirmiers et s&#8217;efforce d&#8217;influencer les prises de d\u00e9cision politique au sein de l&#8217;Union europ\u00e9enne en mati\u00e8re de formation des infirmi\u00e8res.<\/p>\n<p>En 2019, dans un contexte d\u2019augmentation croissante des programmes de formation universitaires en soins infirmiers et de diminution continue des programmes de formation professionnelle d&#8217;infirmi\u00e8res, FINE a chang\u00e9 d\u2019appellation : &#8220;F\u00e9d\u00e9ration europ\u00e9enne des enseignants en sciences infirmi\u00e8res&#8221;.<\/p>\n<p>L&#8217;objectif principal de FINE s&#8217;est recentr\u00e9 sur la promotion du transfert des connaissances disciplinaires en sciences infirmi\u00e8res et de leur production par la recherche mais aussi de l\u2019int\u00e9gration universitaire \u00e0 travers l&#8217;Europe.<\/p>[\/et_pb_text][\/et_pb_column][et_pb_column type=&#8221;1_4&#8243; _builder_version=&#8221;4.0.4&#8243;][et_pb_sidebar _builder_version=&#8221;4.2.2&#8243; hover_enabled=&#8221;0&#8243;][\/et_pb_sidebar][\/et_pb_column][\/et_pb_row][\/et_pb_section]\n","protected":false},"excerpt":{"rendered":"<p>FINE, d&#8217;hier \u00e0 aujourd&#8217;hui\u00a0 Au d\u00e9but des ann\u00e9es 1990, le Comit\u00e9 consultatif pour la formation des infirmi\u00e8res \u00e9tait le seul groupe d&#8217;experts consult\u00e9 par l&#8217;Union europ\u00e9enne en mati\u00e8re de formation des infirmi\u00e8res. Les infirmiers enseignants ont alors exprim\u00e9 le besoin urgent de pouvoir disposer d\u2019une organisation europ\u00e9enne d\u00e9di\u00e9e \u00e0 la promotion des \u00e9changes sur l&#8217;enseignement [&hellip;]<\/p>\n","protected":false},"author":2,"featured_media":0,"parent":192,"menu_order":2,"comment_status":"closed","ping_status":"closed","template":"","meta":{"_et_pb_use_builder":"on","_et_pb_old_content":"","_et_gb_content_width":"","footnotes":""},"class_list":["post-212","page","type-page","status-publish","hentry"],"_links":{"self":[{"href":"https:\/\/www.fine-europe.eu\/index.php?rest_route=\/wp\/v2\/pages\/212","targetHints":{"allow":["GET"]}}],"collection":[{"href":"https:\/\/www.fine-europe.eu\/index.php?rest_route=\/wp\/v2\/pages"}],"about":[{"href":"https:\/\/www.fine-europe.eu\/index.php?rest_route=\/wp\/v2\/types\/page"}],"author":[{"embeddable":true,"href":"https:\/\/www.fine-europe.eu\/index.php?rest_route=\/wp\/v2\/users\/2"}],"replies":[{"embeddable":true,"href":"https:\/\/www.fine-europe.eu\/index.php?rest_route=%2Fwp%2Fv2%2Fcomments&post=212"}],"version-history":[{"count":9,"href":"https:\/\/www.fine-europe.eu\/index.php?rest_route=\/wp\/v2\/pages\/212\/revisions"}],"predecessor-version":[{"id":815,"href":"https:\/\/www.fine-europe.eu\/index.php?rest_route=\/wp\/v2\/pages\/212\/revisions\/815"}],"up":[{"embeddable":true,"href":"https:\/\/www.fine-europe.eu\/index.php?rest_route=\/wp\/v2\/pages\/192"}],"wp:attachment":[{"href":"https:\/\/www.fine-europe.eu\/index.php?rest_route=%2Fwp%2Fv2%2Fmedia&parent=212"}],"curies":[{"name":"wp","href":"https:\/\/api.w.org\/{rel}","templated":true}]}}