{"id":435,"date":"2019-11-03T14:28:07","date_gmt":"2019-11-03T14:28:07","guid":{"rendered":"http:\/\/fine-europe.eu\/?page_id=435"},"modified":"2020-02-23T14:47:58","modified_gmt":"2020-02-23T14:47:58","slug":"sophie-breedstraet-vice-presidente","status":"publish","type":"page","link":"https:\/\/www.fine-europe.eu\/?page_id=435","title":{"rendered":"Sophie Breedstraet, Secr\u00e9taire G\u00e9n\u00e9rale"},"content":{"rendered":"<p>[et_pb_section fb_built=&#8221;1&#8243; _builder_version=&#8221;4.0.4&#8243;][et_pb_row column_structure=&#8221;2_5,3_5&#8243; _builder_version=&#8221;4.0.4&#8243;][et_pb_column type=&#8221;2_5&#8243; _builder_version=&#8221;4.0.4&#8243;][et_pb_image src=&#8221;http:\/\/fine-europe.eu\/wp-content\/uploads\/2019\/11\/WhatsApp-Image-2019-11-11-at-21.03.24-e1573503869200.jpeg&#8221; align=&#8221;center&#8221; _builder_version=&#8221;4.0.5&#8243;][\/et_pb_image][et_pb_text _builder_version=&#8221;4.3.2&#8243; hover_enabled=&#8221;0&#8243;]<\/p>\n<p style=\"text-align: center;\"><strong>SOPHIE BREEDSTRAET<\/strong><\/p>\n<p style=\"text-align: center;\"><strong>SECRETAIRE GENERALE<\/strong><\/p>\n<p>[\/et_pb_text][et_pb_image src=&#8221;https:\/\/www.fine-europe.eu\/wp-content\/uploads\/2020\/02\/1024px-Flag_of_Belgium.svg_.png&#8221; _builder_version=&#8221;4.3.2&#8243; module_alignment=&#8221;center&#8221; width=&#8221;30%&#8221; height=&#8221;80px&#8221; hover_enabled=&#8221;0&#8243;][\/et_pb_image][\/et_pb_column][et_pb_column type=&#8221;3_5&#8243; _builder_version=&#8221;4.0.4&#8243;][et_pb_text _builder_version=&#8221;4.0.4&#8243;]<\/p>\n<p><span>Sophie Breedstraet est infirmi\u00e8re urgentiste de formation, titulaire d\u2019un Master en Sant\u00e9 Publique de l\u2019universit\u00e9 Catholique de Louvain en Belgique francophone \u00e0 orientation sant\u00e9 communautaire, et du CAPAES (Certificat d\u2019Aptitude P\u00e9dagogique \u00e0 l\u2019Enseignement Sup\u00e9rieur).<\/span><\/p>\n<p><span>De 1991 \u00e0 2001, elle a exerc\u00e9 des fonctions cliniques dans un service d\u2019urgences polyvalent para-universitaire avant de s\u2019engager dans l\u2019enseignement sup\u00e9rieur.<\/span><\/p>\n<p><span>Depuis 2001, elle a dispens\u00e9 diff\u00e9rents cours de soins infirmiers avant de s\u2019engager vers des responsabilit\u00e9s de coordination p\u00e9dagogique, qualit\u00e9 et de management des \u00e9quipes de formateurs \u00e0 la Haute Ecole L\u00e9onard de Vinci \u00e0 Bruxelles.<\/span><\/p>\n<p><span>Actuellement, elle est administratrice et directrice du secteur de la sant\u00e9 de sa Haute Ecole, 13 formations param\u00e9dicales y sont dispens\u00e9es.<\/span><\/p>\n<p><span>Successivement instructeur et directeur de cours \u00e0 l\u2019ERC Belgium (European Ressuscitation Council), elle est \u00e9galement titulaire d\u2019un certificat de m\u00e9decine de catastrophe.<\/span><\/p>\n<p><span>Membre de l\u2019ARSI et du Conseil Consultatif sur la formation du SIDIIEF, elle est aussi <\/span><span>Secr\u00e9taire G\u00e9n\u00e9rale de FINE<\/span><span>Europe et Pr\u00e9sidente de Fine Bel-Lux.<\/span><\/p>\n<p>&nbsp;<\/p>\n<p>[\/et_pb_text][\/et_pb_column][\/et_pb_row][\/et_pb_section]<\/p>\n","protected":false},"excerpt":{"rendered":"<p>SOPHIE BREEDSTRAET SECRETAIRE GENERALE Sophie Breedstraet est infirmi\u00e8re urgentiste de formation, titulaire d\u2019un Master en Sant\u00e9 Publique de l\u2019universit\u00e9 Catholique de Louvain en Belgique francophone \u00e0 orientation sant\u00e9 communautaire, et du CAPAES (Certificat d\u2019Aptitude P\u00e9dagogique \u00e0 l\u2019Enseignement Sup\u00e9rieur). De 1991 \u00e0 2001, elle a exerc\u00e9 des fonctions cliniques dans un service d\u2019urgences polyvalent para-universitaire avant [&hellip;]<\/p>\n","protected":false},"author":2,"featured_media":0,"parent":0,"menu_order":0,"comment_status":"closed","ping_status":"closed","template":"","meta":{"_et_pb_use_builder":"on","_et_pb_old_content":"","_et_gb_content_width":"","footnotes":""},"class_list":["post-435","page","type-page","status-publish","hentry"],"_links":{"self":[{"href":"https:\/\/www.fine-europe.eu\/index.php?rest_route=\/wp\/v2\/pages\/435","targetHints":{"allow":["GET"]}}],"collection":[{"href":"https:\/\/www.fine-europe.eu\/index.php?rest_route=\/wp\/v2\/pages"}],"about":[{"href":"https:\/\/www.fine-europe.eu\/index.php?rest_route=\/wp\/v2\/types\/page"}],"author":[{"embeddable":true,"href":"https:\/\/www.fine-europe.eu\/index.php?rest_route=\/wp\/v2\/users\/2"}],"replies":[{"embeddable":true,"href":"https:\/\/www.fine-europe.eu\/index.php?rest_route=%2Fwp%2Fv2%2Fcomments&post=435"}],"version-history":[{"count":7,"href":"https:\/\/www.fine-europe.eu\/index.php?rest_route=\/wp\/v2\/pages\/435\/revisions"}],"predecessor-version":[{"id":2012,"href":"https:\/\/www.fine-europe.eu\/index.php?rest_route=\/wp\/v2\/pages\/435\/revisions\/2012"}],"wp:attachment":[{"href":"https:\/\/www.fine-europe.eu\/index.php?rest_route=%2Fwp%2Fv2%2Fmedia&parent=435"}],"curies":[{"name":"wp","href":"https:\/\/api.w.org\/{rel}","templated":true}]}}